at are the prime factors of 2276569?
569, 4001
List the prime factors of 90349.
7, 12907
What are the prime factors of 293922?
2, 3, 5443
List the prime factors of 80516.
2, 20129
What are the prime factors of 1622110?
2, 5, 7, 23173
List the prime factors of 19934925.
3, 5, 131, 2029
List the prime factors of 300624.
2, 3, 6263
What are the prime factors of 2107382?
2, 1053691
What are the prime factors of 1604399?
1604399
List the prime factors of 364244.
2, 41, 2221
List the prime factors of 849108.
2, 3, 13, 5443
What are the prime factors of 6725180?
2, 5, 7, 11, 397
What are the prime factors of 8738677?
61, 143257
What are the prime factors of 1506492?
2, 3, 13, 29, 37
What are the prime factors of 4235433?
3, 59, 23929
List the prime factors of 1006774.
2, 17, 29611
List the prime factors of 8819896.
2, 127, 8681
What are the prime factors of 1337046?
2, 3, 222841
What are the prime factors of 202038?
2, 3, 151, 223
List the prime factors of 113105.
5, 22621
List the prime factors of 35028664.
2, 11, 398053
What are the prime factors of 3333178?
2, 1666589
List the prime factors of 38146.
2, 19073
List the prime factors of 3664602.
2, 3, 22621
What are the prime factors of 5594797?
13, 19, 22651
What are the prime factors of 250586?
2, 7, 2557
What are the prime factors of 217871?
223, 977
What are the prime factors of 2893756?
2, 723439
What are the prime factors of 294896?
2, 7, 2633
List the prime factors of 959045.
5, 59, 3251
What are the prime factors of 5561189?
5561189
List the prime factors of 18284721.
3, 7, 13, 66977
List the prime factors of 775214.
2, 11, 167, 211
List the prime factors of 374349.
3, 124783
What are the prime factors of 15028505?
5, 3005701
What are the prime factors of 4279409?
4279409
List the prime factors of 2705388.
2, 3, 7, 43, 107
List the prime factors of 2421666.
2, 3, 13, 79, 131
List the prime factors of 128567.
83, 1549
List the prime factors of 6830.
2, 5, 683
What are the prime factors of 117052?
2, 13, 2251
List the prime factors of 1756004.
2, 23, 19087
List the prime factors of 1775457.
3, 197273
List the prime factors of 4543277.
4543277
List the prime factors of 1675237.
43, 38959
What are the prime factors of 26075596?
2, 67, 149, 653
What are the prime factors of 807138?
2, 3, 14947
What are the prime factors of 122768?
2, 7673
List the prime factors of 416893.
353, 1181
What are the prime factors of 132393?
3, 44131
List the prime factors of 12061179.
3, 13, 103087
List the prime factors of 833210.
2, 5, 7, 11903
List the prime factors of 310337.
83, 3739
What are the prime factors of 279773?
13, 21521
What are the prime factors of 212303?
7, 13, 2333
What are the prime factors of 1782546?
2, 3, 23, 12917
List the prime factors of 4546684.
2, 17, 66863
List the prime factors of 1955485.
5, 7, 55871
What are the prime factors of 1671650?
2, 5, 67, 499
List the prime factors of 418882.
2, 209441
List the prime factors of 273990.
2, 3, 5, 9133
What are the prime factors of 1329096?
2, 3, 79, 701
List the prime factors of 1006425.
3, 5, 7, 71
List the prime factors of 9703883.
7, 1051, 1319
What are the prime factors of 1647533?
1193, 1381
What are the prime factors of 4426993?
4426993
What are the prime factors of 2401341?
3, 800447
What are the prime factors of 159639?
3, 127, 419
List the prime factors of 555831.
3, 151, 409
List the prime factors of 275601.
3, 91867
What are the prime factors of 2072235?
3, 5, 11, 19, 661
What are the prime factors of 18430875?
3, 5, 43, 127
What are the prime factors of 8541405?
3, 5, 347, 547
What are the prime factors of 1104005?
5, 7, 31543
List the prime factors of 2906150.
2, 5, 13, 17, 263
What are the prime factors of 9913021?
41, 241781
What are the prime factors of 1116028?
2, 279007
What are the prime factors of 5246033?
13, 19, 67, 317
List the prime factors of 4170980.
2, 5, 11, 18959
What are the prime factors of 597043?
149, 4007
List the prime factors of 2320949.
937, 2477
What are the prime factors of 139043?
17, 8179
What are the prime factors of 153622?
2, 7, 10973
What are the prime factors of 668651?
487, 1373
List the prime factors of 137558.
2, 109, 631
What are the prime factors of 4151783?
41, 131, 773
List the prime factors of 2745333.
3, 33893
List the prime factors of 344350.
2, 5, 71, 97
List the prime factors of 612188.
2, 31, 4937
What are the prime factors of 736522?
2, 37, 269
What are the prime factors of 13284441?
3, 97, 15217
What are the prime factors of 2269240?
2, 5, 56731
What are the prime factors of 233968?
2, 7, 2089
List the prime factors of 7381988.
2, 23, 80239
What are the prime factors of 3023869?
19, 167, 953
List the prime factors of 12545271.
3, 1393919
List the prime factors of 7503805.
5, 1500761
What are the prime factors of 2080935?
3, 5, 131, 353
List the prime factors of 43447089.
3, 7, 31, 66739
List the prime factors of 2555222.
2, 151, 8461
List the prime factors of 736974.
2, 3, 7, 5849
What are the prime factors of 1226168?
2, 153271
List the prime factors of 76240.
2, 5, 953
List the prime factors of 4293362.
2, 127, 16903
List the prime factors of 352488.
2, 3, 19, 773
What are the prime factors of 19025?
5, 761
List the prime factors of 188623.
23, 59, 139
What are the prime factors of 346103?
17, 20359
What are the prime factors of 4643739?
3, 227, 2273
What are the prime factors of 100858?
2, 211, 239
What are the prime factors of 237779?
17, 71, 197
List the prime factors of 2435932.
2, 37, 109, 151
List the prime factors of 10808930.
2, 5, 11, 8933
List the prime factors of 442631.
7, 37, 1709
List the prime factors of 852522.
2, 3, 11, 12917
What are the prime factors of 264686?
2, 89, 1487
What are the prime factors of 5619616?
2, 151, 1163
List the prime factors of 3016695.
3, 5, 11, 47, 389
List the prime factors of 29255.
5, 5851
What are the prime factors of 154662?
2, 3, 149, 173
What are the prime factors of 619709?
467, 1327
What are the prime factors of 54693?
3, 59, 103
List the prime factors of 462403.
19, 24337
List the prime factors of 3149341.
13, 242257
What are the prime factors of 1466937?
3, 54331
What are the prime factors of 2336716?
2, 229, 2551
What are the prime factors of 220575?
3, 5, 17, 173
What are the prime factors of 686735?
5, 7, 2803
What are the prime factors of 1841129?
101, 18229
What are the prime factors of 9836206?
2, 383, 12841
What are the prime factors of 374254?
2, 187127
What are the prime factors of 415845?
3, 5, 9241
List the prime factors of 8096447.
691, 11717
List the prime factors of 28442312.
2, 107, 149, 223
List the prime factors of 2674542.
2, 3, 13, 17, 2017
List the prime factors of 8093461.
1123, 7207
What are the prime factors of 5192515?
5, 1038503
List the prime factors of 170038.
2, 11, 59, 131
What are the prime factors of 186908?
2, 46727
What are the prime factors of 2703386?
2, 7, 31, 6229
List the prime factors of 2591515.
5, 419, 1237
What are the prime factors of 1733456?
2, 17, 6373
List the prime factors of 1017489.
3, 11, 2803
List the prime factors of 352904.
2, 31, 1423
List the prime factors of 665932.
2, 229, 727
What are the prime factors of 4552294?
2, 17, 191, 701
List the prime factors of 7693411.
11, 699401
List the prime factors of 2856983.
1291, 2213
List the prime factors of 4847814.
2, 3, 29, 37, 251
What are the prime factors of 22692572?
2, 7, 239, 3391
List the prime factors of 370119.
3, 123373
List the prime factors of 3622133.
31, 331, 353
List the prime factors of 9805561.
9805561
List the prime factors of 5664460.
2, 5, 61, 4643
What are the prime factors of 297267?
3, 99089
List the prime factors of 330452.
2, 82613
List the prime factors of 283115.
5, 7, 8089
List the prime factors of 1536163.
61, 25183
What are the prime factors of 6609225?
3, 5, 7, 12589
What are the prime factors of 2769235?
5, 7, 89, 127
List the prime factors of 1902270.
2, 3, 5, 63409
List the prime factors of 529449.
3, 31, 5693
What are the prime factors of 4843809?
3, 538201
List the prime factors of 199571.
23, 8677
List the prime factors of 275674.
2, 7, 29, 97
List the prime factors of 24009.
3, 53, 151
List the prime factors of 14988748.
2, 31, 120877
List the prime factors of 3587048.
2, 19, 23599
List the